{"id":807,"date":"2024-11-08T20:09:55","date_gmt":"2024-11-08T19:09:55","guid":{"rendered":"https:\/\/conny-gluth.de\/1\/?page_id=807"},"modified":"2024-11-18T16:55:06","modified_gmt":"2024-11-18T15:55:06","slug":"best-styling-coaching","status":"publish","type":"page","link":"https:\/\/conny-gluth.de\/1\/best-styling-coaching\/","title":{"rendered":"Best Styling Coaching"},"content":{"rendered":"<p>[et_pb_section fb_built=&#8220;1&#8243; _builder_version=&#8220;4.21.0&#8243; background_color=&#8220;#FFFFFF&#8220; custom_padding=&#8220;0px|||||&#8220; top_divider_style=&#8220;wave2&#8243; top_divider_color=&#8220;#828282&#8243; top_divider_flip=&#8220;vertical&#8220; top_divider_arrangement=&#8220;above_content&#8220; global_colors_info=&#8220;{}&#8220;][et_pb_row _builder_version=&#8220;4.18.0&#8243; _module_preset=&#8220;default&#8220; global_colors_info=&#8220;{}&#8220;][et_pb_column type=&#8220;4_4&#8243; _builder_version=&#8220;4.18.0&#8243; _module_preset=&#8220;default&#8220; global_colors_info=&#8220;{}&#8220;][et_pb_divider show_divider=&#8220;off&#8220; _builder_version=&#8220;4.18.0&#8243; _module_preset=&#8220;default&#8220; height=&#8220;50px&#8220; global_colors_info=&#8220;{}&#8220;][\/et_pb_divider][\/et_pb_column][\/et_pb_row][et_pb_row _builder_version=&#8220;4.21.0&#8243; width=&#8220;100%&#8220; width_tablet=&#8220;74%&#8220; width_phone=&#8220;84%&#8220; width_last_edited=&#8220;on|tablet&#8220; max_width=&#8220;1131px&#8220; max_width_tablet=&#8220;&#8220; max_width_phone=&#8220;&#8220; max_width_last_edited=&#8220;on|tablet&#8220; custom_margin=&#8220;||||false|false&#8220; custom_padding=&#8220;||||false|false&#8220; global_colors_info=&#8220;{}&#8220;][et_pb_column type=&#8220;4_4&#8243; _builder_version=&#8220;4.16&#8243; background_enable_image=&#8220;off&#8220; animation_style=&#8220;slide&#8220; animation_direction=&#8220;left&#8220; global_colors_info=&#8220;{}&#8220;][et_pb_text _builder_version=&#8220;4.27.3&#8243; header_font=&#8220;Raleway|300||||on|||&#8220; header_text_color=&#8220;#000000&#8243; header_font_size=&#8220;71px&#8220; custom_margin=&#8220;||9px||false|false&#8220; custom_padding=&#8220;9px||||false|false&#8220; hover_enabled=&#8220;0&#8243; header_font_size_tablet=&#8220;&#8220; header_font_size_phone=&#8220;37px&#8220; header_font_size_last_edited=&#8220;on|phone&#8220; global_colors_info=&#8220;{}&#8220; sticky_enabled=&#8220;0&#8243;]<\/p>\n<h2 style=\"text-align: center;\"><span style=\"color: #ff9900;\"><strong>Dein individuelles, ganzheitliches 12-Wochen<\/strong><\/span><\/h2>\n<h1 style=\"text-align: center;\"><span style=\"color: #ff9900;\"><strong>BEST<\/strong><\/span><\/h1>\n<h2 style=\"text-align: center;\"><span style=\"color: #ff9900;\"><strong>Styling Coaching<\/strong><\/span><\/h2>\n<p><span style=\"color: #ff9900;\"><strong><\/strong><\/span><\/p>\n<p><span style=\"color: #ff9900;\"><strong><\/strong><\/span><\/p>\n<p><span style=\"color: #ff9900;\"><strong><\/strong><\/span><\/p>\n<p><span style=\"color: #ff9900;\"><strong><\/strong><\/span><\/p>\n<p>[\/et_pb_text][et_pb_text _builder_version=&#8220;4.21.0&#8243; text_font=&#8220;Quattrocento||||||||&#8220; text_text_color=&#8220;#333333&#8243; text_font_size=&#8220;15px&#8220; text_line_height=&#8220;2.1em&#8220; custom_padding=&#8220;6px||13px||false|false&#8220; text_font_size_tablet=&#8220;&#8220; text_font_size_phone=&#8220;14px&#8220; text_font_size_last_edited=&#8220;on|phone&#8220; global_colors_info=&#8220;{}&#8220;]<\/p>\n<p>&nbsp;<\/p>\n<p>Kleidung wirkt immer, polarisiert, macht gute Laune, gibt Selbstbewusstsein \u2013 <span style=\"text-decoration: underline;\">wenn sie zu DIR passt!<\/span><br \/>F\u00fchlst du dich wohl und stark in deiner Kleidung?<br \/>Zeigt sie, wer und was DU bist? <br \/>Ist dein Kleiderschrank auch voll und du hast nichts anzuziehen?<\/p>\n<p>Anziehen muss sich jeder &#8211; jeden Tag. <br \/>Warum dann nicht in der Kleidung, die deiner K\u00f6rperform schmeichelt und deine Pers\u00f6nlichkeit st\u00e4rkt? Und das alles in den Farben, die dir Ausdruck verleihen?!<br \/>Werde mit mir zu deinem besten Selbst!<\/p>\n<p>[\/et_pb_text][\/et_pb_column][\/et_pb_row][et_pb_row column_structure=&#8220;1_2,1_2&#8243; _builder_version=&#8220;4.16&#8243; global_colors_info=&#8220;{}&#8220;][et_pb_column type=&#8220;1_2&#8243; _builder_version=&#8220;4.16&#8243; custom_padding=&#8220;50px|20px|50px||true|false&#8220; animation_style=&#8220;slide&#8220; animation_direction=&#8220;left&#8220; global_colors_info=&#8220;{}&#8220;][et_pb_divider color=&#8220;#000000&#8243; divider_weight=&#8220;3px&#8220; _builder_version=&#8220;4.16&#8243; width=&#8220;86%&#8220; custom_margin_tablet=&#8220;&#8220; custom_margin_phone=&#8220;-4px||8px||false|false&#8220; custom_margin_last_edited=&#8220;on|phone&#8220; global_colors_info=&#8220;{}&#8220;][\/et_pb_divider][et_pb_text _builder_version=&#8220;4.21.0&#8243; header_2_font=&#8220;Raleway|500||||on|||&#8220; header_2_text_color=&#8220;#333333&#8243; header_2_font_size=&#8220;45px&#8220; custom_margin=&#8220;||16px|||&#8220; custom_margin_tablet=&#8220;&#8220; custom_margin_phone=&#8220;||10px||false|false&#8220; custom_margin_last_edited=&#8220;on|phone&#8220; header_2_font_size_tablet=&#8220;&#8220; header_2_font_size_phone=&#8220;31px&#8220; header_2_font_size_last_edited=&#8220;on|phone&#8220; global_colors_info=&#8220;{}&#8220;]<\/p>\n<h1>Ich bin Conny Gluth<\/h1>\n<p>[\/et_pb_text][et_pb_text _builder_version=&#8220;4.21.0&#8243; text_font=&#8220;Quattrocento||||||||&#8220; text_text_color=&#8220;#333333&#8243; text_font_size=&#8220;16px&#8220; text_line_height=&#8220;2em&#8220; text_font_size_tablet=&#8220;&#8220; text_font_size_phone=&#8220;14px&#8220; text_font_size_last_edited=&#8220;on|phone&#8220; global_colors_info=&#8220;{}&#8220;]<\/p>\n<p>Seit fast 20 Jahren arbeite ich selbstst\u00e4ndig als Stylingcoach.<br \/>In der Mode- und Kosmetikbranche, bei Film- und Werbeaufnahmen, auf Beautymessen, im Einzelhandel sowie bei unz\u00e4hligen Privat- + Businesspersonen habe ich bereits unglaubliche Erfolge erzielt. <br \/>Ich liebe es, Menschen in ihrem pers\u00f6nlichen Look erstrahlen zu lassen.<\/p>\n<p>[\/et_pb_text][\/et_pb_column][et_pb_column type=&#8220;1_2&#8243; _builder_version=&#8220;4.16&#8243; custom_padding=&#8220;33px||||false|false&#8220; animation_style=&#8220;slide&#8220; animation_direction=&#8220;right&#8220; global_colors_info=&#8220;{}&#8220;][et_pb_image src=&#8220;https:\/\/conny-gluth.de\/1\/wp-content\/uploads\/2024\/11\/Bild-1-794&#215;1024.jpg&#8220; title_text=&#8220;Bild 1&#8243; _builder_version=&#8220;4.27.3&#8243; custom_margin_tablet=&#8220;&#8220; custom_margin_phone=&#8220;-59px||||false|false&#8220; custom_margin_last_edited=&#8220;on|phone&#8220; border_width_all=&#8220;15px&#8220; border_color_all=&#8220;#ffffff&#8220; box_shadow_style=&#8220;preset3&#8243; global_colors_info=&#8220;{}&#8220;][\/et_pb_image][\/et_pb_column][\/et_pb_row][et_pb_row column_structure=&#8220;1_2,1_2&#8243; _builder_version=&#8220;4.16&#8243; global_colors_info=&#8220;{}&#8220;][et_pb_column type=&#8220;1_2&#8243; _builder_version=&#8220;4.16&#8243; animation_style=&#8220;slide&#8220; animation_direction=&#8220;left&#8220; global_colors_info=&#8220;{}&#8220;][et_pb_image src=&#8220;https:\/\/conny-gluth.de\/1\/wp-content\/uploads\/2024\/11\/champagne-2711895_1280.jpg&#8220; title_text=&#8220;champagne-2711895_1280&#8243; _builder_version=&#8220;4.27.3&#8243; border_width_all=&#8220;15px&#8220; border_color_all=&#8220;#ffffff&#8220; box_shadow_style=&#8220;preset3&#8243; locked=&#8220;off&#8220; global_colors_info=&#8220;{}&#8220;][\/et_pb_image][\/et_pb_column][et_pb_column type=&#8220;1_2&#8243; _builder_version=&#8220;4.16&#8243; animation_style=&#8220;slide&#8220; animation_direction=&#8220;right&#8220; global_colors_info=&#8220;{}&#8220;][et_pb_divider color=&#8220;#000000&#8243; divider_weight=&#8220;3px&#8220; _builder_version=&#8220;4.16&#8243; width=&#8220;86%&#8220; custom_margin_tablet=&#8220;&#8220; custom_margin_phone=&#8220;-4px||8px||false|false&#8220; custom_margin_last_edited=&#8220;on|phone&#8220; global_colors_info=&#8220;{}&#8220;][\/et_pb_divider][et_pb_text _builder_version=&#8220;4.21.0&#8243; header_2_font=&#8220;Raleway|500||||on|||&#8220; header_2_text_color=&#8220;#333333&#8243; header_2_font_size=&#8220;45px&#8220; custom_margin=&#8220;||16px|||&#8220; custom_margin_tablet=&#8220;&#8220; custom_margin_phone=&#8220;||10px||false|false&#8220; custom_margin_last_edited=&#8220;on|phone&#8220; header_2_font_size_tablet=&#8220;&#8220; header_2_font_size_phone=&#8220;31px&#8220; header_2_font_size_last_edited=&#8220;on|phone&#8220; global_colors_info=&#8220;{}&#8220;]<\/p>\n<h1><span style=\"color: #ff9900;\">DEINE Vorteile:<\/span><\/h1>\n<p>[\/et_pb_text][et_pb_text _builder_version=&#8220;4.21.0&#8243; text_font=&#8220;Quattrocento||||||||&#8220; text_text_color=&#8220;#333333&#8243; text_font_size=&#8220;17px&#8220; text_line_height=&#8220;2em&#8220; custom_margin=&#8220;40px||||false|false&#8220; custom_margin_tablet=&#8220;&#8220; custom_margin_phone=&#8220;20px||||false|false&#8220; custom_margin_last_edited=&#8220;on|phone&#8220; text_font_size_tablet=&#8220;&#8220; text_font_size_phone=&#8220;14px&#8220; text_font_size_last_edited=&#8220;on|phone&#8220; locked=&#8220;off&#8220; global_colors_info=&#8220;{}&#8220;]<\/p>\n<ul>\n<li>Beeindrucken, verzaubern und faszinieren \u2013 mit deiner Kleidung<\/li>\n<li>Wow-Effekte sind dir sicher<\/li>\n<li>Komplimente f\u00fcr deinen vorteilhaften Style<\/li>\n<li>Pers\u00f6nlichkeit und Anziehungskraft werden gest\u00e4rkt<\/li>\n<li>Viel Selbstbewusster wirken, auftreten und sein<\/li>\n<li>Nie wieder ratlos vor deinem Kleiderschrank stehen<\/li>\n<li>Fehlk\u00e4ufe vermeiden<\/li>\n<li>Erfolgreich und souver\u00e4n dein neues Aussehen pr\u00e4sentieren<\/li>\n<li>Stilsicher in allen Lebenslagen<\/li>\n<li>Authentizit\u00e4t, Selbstbewusstsein und Zeitersparnis<\/li>\n<\/ul>\n<p>Genie\u00dfe den Luxus bei deiner ganz privaten Einkaufsberatung. Die richtige Auswahl der Teile im Mode-Dschungel zu treffen, die deinem bezaubernden Style einen brillanten Schliff geben. Und das feiern wir zusammen mit einem Gl\u00e4schen prickelnden Prosecco.<\/p>\n<p>[\/et_pb_text][\/et_pb_column][\/et_pb_row][et_pb_row column_structure=&#8220;1_2,1_2&#8243; _builder_version=&#8220;4.16&#8243; global_colors_info=&#8220;{}&#8220;][et_pb_column type=&#8220;1_2&#8243; _builder_version=&#8220;4.16&#8243; custom_padding=&#8220;50px|20px|50px||true|false&#8220; animation_style=&#8220;slide&#8220; animation_direction=&#8220;left&#8220; global_colors_info=&#8220;{}&#8220;][et_pb_divider color=&#8220;#000000&#8243; divider_weight=&#8220;3px&#8220; _builder_version=&#8220;4.16&#8243; width=&#8220;86%&#8220; custom_margin_tablet=&#8220;&#8220; custom_margin_phone=&#8220;-4px||8px||false|false&#8220; custom_margin_last_edited=&#8220;on|phone&#8220; global_colors_info=&#8220;{}&#8220;][\/et_pb_divider][et_pb_text _builder_version=&#8220;4.27.3&#8243; header_2_font=&#8220;Raleway|500||||on|||&#8220; header_2_text_color=&#8220;#333333&#8243; header_2_font_size=&#8220;45px&#8220; custom_margin=&#8220;||16px|||&#8220; custom_margin_tablet=&#8220;&#8220; custom_margin_phone=&#8220;||10px||false|false&#8220; custom_margin_last_edited=&#8220;on|phone&#8220; header_2_font_size_tablet=&#8220;&#8220; header_2_font_size_phone=&#8220;31px&#8220; header_2_font_size_last_edited=&#8220;on|phone&#8220; global_colors_info=&#8220;{}&#8220;]<\/p>\n<h1><strong><span style=\"color: #ff9900;\">Ziel meines BEST-Coachings:<\/span><\/strong><\/h1>\n<p>[\/et_pb_text][et_pb_text _builder_version=&#8220;4.21.0&#8243; text_font=&#8220;Quattrocento||||||||&#8220; text_text_color=&#8220;#333333&#8243; text_font_size=&#8220;16px&#8220; text_line_height=&#8220;2em&#8220; text_font_size_tablet=&#8220;&#8220; text_font_size_phone=&#8220;14px&#8220; text_font_size_last_edited=&#8220;on|phone&#8220; global_colors_info=&#8220;{}&#8220;]<\/p>\n<ul>\n<li>Sicheres und harmonisches Auftreten durch deine Farben<\/li>\n<li>Tolle Wirkung durch einen f\u00fcr dich stimmigen und passgenauen Look<\/li>\n<li>Effekt- und wirkungsvolle Kombinationsm\u00f6glichkeiten<\/li>\n<li>Organisierter Kleiderschrank<\/li>\n<li>\u00dcberzeugende Outfits in allen Lebenslagen<\/li>\n<li>Einkaufen &#8211; gewusst was, wo und wie<\/li>\n<li>Eindrucksvolle Anlassgarderobe f\u00fcr alle Events<\/li>\n<li>Richtig sitzen, stehen, gehen im passenden Schuh<\/li>\n<li>St\u00e4rkung deiner Pers\u00f6nlichkeit und Pr\u00e4senz<\/li>\n<li>Die Macht der Farben wirkungsvoll einsetzen<\/li>\n<li>Make-Up in deiner Pers\u00f6nlichkeit richtig angewendet<\/li>\n<li>Das Wissen f\u00fcr dich, warum dir was steht (und warum was anderes eben auch nicht\u2026)<\/li>\n<li>\u00dcberzeugendes Auftreten, Pr\u00e4sentieren und Strahlen<\/li>\n<\/ul>\n<p>[\/et_pb_text][\/et_pb_column][et_pb_column type=&#8220;1_2&#8243; _builder_version=&#8220;4.16&#8243; custom_padding=&#8220;33px||||false|false&#8220; animation_style=&#8220;slide&#8220; animation_direction=&#8220;right&#8220; global_colors_info=&#8220;{}&#8220;][et_pb_image src=&#8220;https:\/\/conny-gluth.de\/1\/wp-content\/uploads\/2023\/01\/womens-accessories-gcf878c7a6_1920.jpg&#8220; title_text=&#8220;womens-accessories-gcf878c7a6_1920&#8243; _builder_version=&#8220;4.27.3&#8243; custom_margin_tablet=&#8220;&#8220; custom_margin_phone=&#8220;-59px||||false|false&#8220; custom_margin_last_edited=&#8220;on|phone&#8220; border_width_all=&#8220;15px&#8220; border_color_all=&#8220;#ffffff&#8220; box_shadow_style=&#8220;preset3&#8243; global_colors_info=&#8220;{}&#8220;][\/et_pb_image][\/et_pb_column][\/et_pb_row][et_pb_row _builder_version=&#8220;4.16&#8243; width=&#8220;100%&#8220; width_tablet=&#8220;84%&#8220; width_phone=&#8220;&#8220; width_last_edited=&#8220;on|tablet&#8220; max_width=&#8220;1132px&#8220; max_width_tablet=&#8220;&#8220; max_width_phone=&#8220;&#8220; max_width_last_edited=&#8220;on|tablet&#8220; custom_padding=&#8220;14px|||||&#8220; animation_style=&#8220;zoom&#8220; locked=&#8220;off&#8220; global_colors_info=&#8220;{}&#8220;][et_pb_column type=&#8220;4_4&#8243; _builder_version=&#8220;4.16&#8243; global_colors_info=&#8220;{}&#8220;][et_pb_divider color=&#8220;#000000&#8243; divider_weight=&#8220;3px&#8220; _builder_version=&#8220;4.16&#8243; width=&#8220;74%&#8220; custom_margin=&#8220;||38px|||&#8220; locked=&#8220;off&#8220; global_colors_info=&#8220;{}&#8220;][\/et_pb_divider][et_pb_text _builder_version=&#8220;4.21.0&#8243; header_2_font=&#8220;Raleway|500||||on|||&#8220; header_2_font_size=&#8220;48px&#8220; custom_margin=&#8220;||20px|||&#8220; header_2_font_size_tablet=&#8220;&#8220; header_2_font_size_phone=&#8220;37px&#8220; header_2_font_size_last_edited=&#8220;on|phone&#8220; header_2_line_height_tablet=&#8220;&#8220; header_2_line_height_phone=&#8220;1.2em&#8220; header_2_line_height_last_edited=&#8220;on|phone&#8220; locked=&#8220;off&#8220; global_colors_info=&#8220;{}&#8220;]<\/p>\n<h1><strong><span style=\"color: #ff9900;\">Was erwartet dich:<\/span><\/strong><\/h1>\n<p>[\/et_pb_text][et_pb_text _builder_version=&#8220;4.27.3&#8243; text_font=&#8220;Quattrocento||||||||&#8220; text_text_color=&#8220;#333333&#8243; text_font_size=&#8220;16px&#8220; text_line_height=&#8220;2em&#8220; custom_margin=&#8220;25px||||false|false&#8220; custom_margin_tablet=&#8220;&#8220; custom_margin_phone=&#8220;8px||||false|false&#8220; custom_margin_last_edited=&#8220;on|phone&#8220; text_font_size_tablet=&#8220;&#8220; text_font_size_phone=&#8220;14px&#8220; text_font_size_last_edited=&#8220;on|phone&#8220; locked=&#8220;off&#8220; global_colors_info=&#8220;{}&#8220;]<\/p>\n<p>Es ist kein Zufall wie du dich f\u00fchlst und wahrgenommen wirst.<br \/>Erlebe in meinem ganzheitlichem BEST Styling Konzept mit viel Freude und Spa\u00df, wie du spielerisch und selbstverst\u00e4ndlich mit meiner Experten-Unterst\u00fctzung deinen authentischen und individuellen Modestil zu deinem eigenen machst. Ein WOW deiner Umwelt wird dir sicher sein!<\/p>\n<p>Wir entfalten gemeinsam deinen pers\u00f6nlichen Look f\u00fcr deinen sicheren ansprechenden Auftritt!<br \/>St\u00e4ndig wechselnde Trends und viele ungekl\u00e4rte Fashion-Fragen k\u00f6nnen ganz sch\u00f6n verwirren. Das Wissen um dein Styling, dieses zu entfalten und spielerisch anzuwenden um immer mehr zu der Person zu werden, die du sein m\u00f6chtest, sein kannst und sein wirst. Innen wie au\u00dfen \u2013 Kleidung wirkt \u2013 das wird auch deinem Umfeld sofort positiv auffallen.<\/p>\n<p>Immer harmonisch und attraktiv gekleidet zu sein, ohne viele Stunden mit deiner Outfitwahl verbringen zu m\u00fcssen. Durch das Betonen deiner Vorz\u00fcge wirst du mit deiner Kleidung einen kompetenten und bleibenden Eindruck hinterlassen und deine Lebensqualit\u00e4t wird sich dadurch automatisch heben. Nach dieser Ver\u00e4nderung werden dir die euphorischen Komplimente und beneidende Blicke von allen Seiten sicher sein und dich \u00fcber Wolken schweben lassen.<\/p>\n<ul>\n<li>Professionelle Farbberatung<\/li>\n<li>Individuelle Stil- und Imageberatung<\/li>\n<li>Kleiderschrank Check + Kleiderschrank Organisation<\/li>\n<li>Die Macht von Farben<\/li>\n<li>Richtiges Schuhwerk \u2013 von Boots bis High Heels \/ Lauftraining<\/li>\n<li>Einkaufsbegleitung<\/li>\n<li>Accessoires &amp; Kombinieren leicht gemacht \u2013 Kombinationsempfehlungen<\/li>\n<li>Hautpflege und Make-up Beratung<\/li>\n<li>Make-up Schulung<\/li>\n<li>Friseurbesuch (bei Bedarf)<\/li>\n<li>Kleidung f\u00fcr Anl\u00e4sse &amp; Events<\/li>\n<li>Fortlaufende Unterst\u00fctzung w\u00e4hrend der Umsetzung \u2013 passend zum Wochenthema<\/li>\n<li>Hochwertiger Farbpass<\/li>\n<li>Forlaufende Fotodokumentation<\/li>\n<\/ul>\n<p>Selbstverst\u00e4ndlich werden wir die einzelnen Schritte im pers\u00f6nlichen Gespr\u00e4ch auf dich, deine Bed\u00fcrfnisse, Vorstellungen, W\u00fcnsche und Erfordernissen anpassen, so dass f\u00fcr dich ein perfektes und absolut stimmiges und einmaliges \u201eRundum\u201c Programm entsteht!<\/p>\n<p><span style=\"color: #ff9900;\"><strong>Preis: 3.900,&#8211; \u20ac<br \/>(Alternativ 12 x 350,- \u20ac)<br \/><\/strong><\/span><span style=\"color: #ff9900;\"><strong><\/strong><\/span><\/p>\n<p>Mit Fachwissen, viel Gef\u00fchl, Herz und Leidenschaft entdecke und betone ich die Einmaligkeit deiner Person.<br \/>Es ist mir eine Freude und Vergn\u00fcgen, dich auf diesem spannenden Weg zu leiten, lenken und zu begleiten, so dass du in Zukunft sorglos, zufrieden und rundum gl\u00fccklich mit deinem Styling bist!<\/p>\n<p>[\/et_pb_text][\/et_pb_column][\/et_pb_row][et_pb_row _builder_version=&#8220;4.18.0&#8243; width=&#8220;94%&#8220; width_tablet=&#8220;96%&#8220; width_phone=&#8220;&#8220; width_last_edited=&#8220;on|phone&#8220; max_width=&#8220;1286px&#8220; max_width_tablet=&#8220;&#8220; max_width_phone=&#8220;&#8220; max_width_last_edited=&#8220;on|phone&#8220; custom_padding=&#8220;14px|||||&#8220; animation_style=&#8220;slide&#8220; global_colors_info=&#8220;{}&#8220;][et_pb_column type=&#8220;4_4&#8243; _builder_version=&#8220;4.18.0&#8243; global_colors_info=&#8220;{}&#8220;][et_pb_button button_url=&#8220;@ET-DC@eyJkeW5hbWljIjp0cnVlLCJjb250ZW50IjoicG9zdF9saW5rX3VybF9wYWdlIiwic2V0dGluZ3MiOnsicG9zdF9pZCI6IjE1In19@&#8220; button_text=&#8220;Kontaktiere mich&#8220; button_alignment=&#8220;center&#8220; _builder_version=&#8220;4.18.0&#8243; _dynamic_attributes=&#8220;button_url&#8220; custom_button=&#8220;on&#8220; button_text_size=&#8220;28px&#8220; button_text_color=&#8220;#000000&#8243; button_bg_color=&#8220;#E09900&#8243; button_border_color=&#8220;#E09900&#8243; button_border_radius=&#8220;16px&#8220; button_font=&#8220;Montserrat||||||||&#8220; custom_padding=&#8220;13px|30px|13px|30px|true|true&#8220; button_text_size_tablet=&#8220;&#8220; button_text_size_phone=&#8220;15px&#8220; button_text_size_last_edited=&#8220;on|phone&#8220; box_shadow_style=&#8220;preset3&#8243; global_colors_info=&#8220;{}&#8220;][\/et_pb_button][\/et_pb_column][\/et_pb_row][\/et_pb_section]<\/p>\n","protected":false},"excerpt":{"rendered":"<p>Dein individuelles, ganzheitliches 12-Wochen BEST Styling Coaching &nbsp; Kleidung wirkt immer, polarisiert, macht gute Laune, gibt Selbstbewusstsein \u2013 wenn sie zu DIR passt!F\u00fchlst du dich wohl und stark in deiner Kleidung?Zeigt sie, wer und was DU bist? Ist dein Kleiderschrank auch voll und du hast nichts anzuziehen? Anziehen muss sich jeder &#8211; jeden Tag. Warum [&hellip;]<\/p>\n","protected":false},"author":1,"featured_media":0,"parent":0,"menu_order":0,"comment_status":"closed","ping_status":"closed","template":"","meta":{"_et_pb_use_builder":"on","_et_pb_old_content":"","_et_gb_content_width":"","footnotes":""},"class_list":["post-807","page","type-page","status-publish","hentry"],"_links":{"self":[{"href":"https:\/\/conny-gluth.de\/1\/wp-json\/wp\/v2\/pages\/807","targetHints":{"allow":["GET"]}}],"collection":[{"href":"https:\/\/conny-gluth.de\/1\/wp-json\/wp\/v2\/pages"}],"about":[{"href":"https:\/\/conny-gluth.de\/1\/wp-json\/wp\/v2\/types\/page"}],"author":[{"embeddable":true,"href":"https:\/\/conny-gluth.de\/1\/wp-json\/wp\/v2\/users\/1"}],"replies":[{"embeddable":true,"href":"https:\/\/conny-gluth.de\/1\/wp-json\/wp\/v2\/comments?post=807"}],"version-history":[{"count":10,"href":"https:\/\/conny-gluth.de\/1\/wp-json\/wp\/v2\/pages\/807\/revisions"}],"predecessor-version":[{"id":891,"href":"https:\/\/conny-gluth.de\/1\/wp-json\/wp\/v2\/pages\/807\/revisions\/891"}],"wp:attachment":[{"href":"https:\/\/conny-gluth.de\/1\/wp-json\/wp\/v2\/media?parent=807"}],"curies":[{"name":"wp","href":"https:\/\/api.w.org\/{rel}","templated":true}]}}